{"id":1164,"date":"2023-02-07T02:42:23","date_gmt":"2023-02-07T01:42:23","guid":{"rendered":"https:\/\/fehervariprogram.hu\/jegy\/?page_id=1164"},"modified":"2023-12-01T13:53:06","modified_gmt":"2023-12-01T12:53:06","slug":"tajekoztato","status":"publish","type":"page","link":"https:\/\/fehervariprogram.hu\/jegy\/tajekoztato\/","title":{"rendered":"Jegyv\u00e1s\u00e1rl\u00e1si t\u00e1j\u00e9koztat\u00f3"},"content":{"rendered":"<p>A jegyek nem helyre sz\u00f3lnak, a n\u00e9z\u0151k \u00e9rkez\u00e9si sorrendben tudj\u00e1k elfoglalni a hely\u00fcket. A jegy\u00e1rak 21,26%-os \u00e1f\u00e1t tartalmaznak. Jegyv\u00e1s\u00e1rl\u00e1sra mind az online fel\u00fcleten, mind pedig jegy\u00e9rt\u00e9kes\u00edt\u0151 helysz\u00edneinken addig van lehet\u0151s\u00e9g, am\u00edg a jegyek el nem fogynak. Abban az esetben, ha valamennyi bel\u00e9p\u0151 elkelt, az el\u0151ad\u00e1s helysz\u00edn\u00e9n sincs m\u00e1r lehet\u0151s\u00e9g jegy\u00e9rt\u00e9kes\u00edt\u00e9sre. Online fel\u00fcleteinken azonnal t\u00e1j\u00e9koztatjuk n\u00e9z\u0151inket arr\u00f3l, hogy MINDEN JEGY ELKELT!<\/p>\n<p><strong>Jegyek v\u00e1s\u00e1rl\u00e1s\u00e1ra az al\u00e1bbi lehet\u0151s\u00e9g \u00e1ll rendelkez\u00e9s\u00e9re:<\/strong><\/p>\n<ul>\n<li>Online jegyv\u00e1s\u00e1rl\u00e1s<br \/>\nAz online fel\u00fcleten csak bankk\u00e1rty\u00e1s fizet\u00e9si m\u00f3dra van lehet\u0151s\u00e9g, a z online jegy\u00e9rt\u00e9kes\u00edt\u00e9s a legk\u00e9s\u0151bb a program kezd\u00e9se el\u0151tt 3 \u00f3r\u00e1val lez\u00e1rul.Az online v\u00e1s\u00e1rl\u00e1s menete:<br \/>\n1. A https:\/\/fehervariprogram.hu\/jegy\/ oldalon kattintson a kiv\u00e1lasztott esem\u00e9nyre<br \/>\n2. Adja meg, h\u00e1ny darab jegyet szeretne v\u00e1s\u00e1rolni, majd kattintson a \u201eJegyv\u00e1s\u00e1rl\u00e1s\u201d<br \/>\ngombra.<br \/>\n3. A megjelen\u0151 \u00faj ablakban ellen\u0151rizheti a megv\u00e1s\u00e1rolni k\u00edv\u00e1nt jegyek sz\u00e1m\u00e1t, illetve az esem\u00e9nyt, amire a jegyet veszi. Ha minden megfelel, akkor kattintson a \u201eTov\u00e1bb a p\u00e9nzt\u00e1rhoz\u201d gombra.<br \/>\n4. Adja meg a megrendel\u0151 nev\u00e9t, e-mail c\u00edm\u00e9t (ahov\u00e1 a jegyeket k\u00fcldhetj\u00fck), valamint telefonsz\u00e1m\u00e1t, majd kattintson a \u201eFizet\u00e9s Barionnal\u201d gombra.<br \/>\n5. A Barion fel\u00fclet\u00e9n adja meg a bankk\u00e1rty\u00e1ja sz\u00e1m\u00e1t, a lej\u00e1rat d\u00e1tum\u00e1t \u00e9s a CVC k\u00f3dj\u00e1t. Az \u00d6n \u00e1ltal a jegyv\u00e1s\u00e1rl\u00e1shoz kor\u00e1bban megadott n\u00e9v \u00e9s e-mail c\u00edm automatikusan jelenik meg. Ezut\u00e1n kattintson alul a \u201eFizetek\u201d gombra.<br \/>\n6. Sikertelen fizet\u00e9s eset\u00e9n a Barionon lehet\u0151s\u00e9ge van a 4. pont megism\u00e9tl\u00e9s\u00e9re, vagy visszat\u00e9rhet a bolt oldal\u00e1ra, ebben az esetben jegyrendel\u00e9s\u00e9t t\u00f6r\u00f6lj\u00fck, a v\u00e1s\u00e1rl\u00e1st az 1. pontt\u00f3l kezdheti \u00fajra.<br \/>\nSikeres fizet\u00e9s eset\u00e9n, az oldalon egy z\u00f6ld pipa jelenik meg, majd n\u00e9h\u00e1ny m\u00e1sodperc m\u00falva a rendszer visszair\u00e1ny\u00edtja a jegyv\u00e1s\u00e1rl\u00e1si fel\u00fcletre. A Barion-fi\u00f3k regisztr\u00e1l\u00e1s, amit felaj\u00e1nl a rendszer, nem k\u00f6telez\u0151.<br \/>\n7. A sikeres tranzakci\u00f3r\u00f3l a Barion Payment Zrt. k\u00fcld visszaigazol\u00e1st e-mail-ben. Ez egy automatikus lev\u00e9l, a rendezv\u00e9nyre t\u00f6rt\u00e9n\u0151 bel\u00e9p\u00e9skor nem lesz erre a lev\u00e9lre sz\u00fcks\u00e9ge.<br \/>\n8. A bel\u00e9p\u00e9shez sz\u00fcks\u00e9ges inform\u00e1ci\u00f3kr\u00f3l (az \u00d6n neve, a bel\u00e9p\u0151jegy\u00e9nek azonos\u00edt\u00f3 sz\u00e1ma) a Sz\u00e9kesfeh\u00e9rv\u00e1ri K\u00f6z\u00f6ss\u00e9gi \u00e9s Kultur\u00e1lis K\u00f6zpontt\u00f3l, a v\u00e1s\u00e1rl\u00e1st k\u00f6vet\u0151en azonnal kap egy e-mail \u00fczenetet. Ezt a levelet k\u00e9rj\u00fck, kinyomtatva hozza mag\u00e1val a rendezv\u00e9nyre, vagy a telefonj\u00e1n mutassa be a jegyszed\u0151 munkat\u00e1rsnak. Ez a lev\u00e9l megfelel a nyugtaad\u00e1si k\u00f6vetelm\u00e9nyeknek. Amennyiben az online v\u00e1s\u00e1rl\u00e1s\u00e1r\u00f3l \u00e1f\u00e1s sz\u00e1ml\u00e1t szeretne ig\u00e9nyelni, k\u00e9rj\u00fck, azt a sz\u00e1ml\u00e1z\u00e1si adatai megad\u00e1s\u00e1val \u00e9s az el\u0151ad\u00e1s megjel\u00f6l\u00e9s\u00e9vel jelezze a jegy@fehervariprogram.hu c\u00edmre \u00edrt e-mailben. Amennyiben nem kap leveleket, nagy val\u00f3sz\u00edn\u0171s\u00e9ggel a v\u00e1s\u00e1rl\u00e1s nem t\u00f6rt\u00e9nt meg, \u00edgy el\u00f6lr\u0151l kell kezdenie a folyamatot. Probl\u00e9ma eset\u00e9n a jegy@fehervariprogram.hu e-mail c\u00edmen \u00e1llunk<br \/>\nrendelkez\u00e9s\u00e9re.<\/li>\n<\/ul>\n<p><strong>P\u00e9nzvisszafizet\u00e9si felt\u00e9telek<\/strong><br \/>\nAmennyiben el\u0151re v\u00e1s\u00e1rolt jegyet, de az el\u0151ad\u00e1son nem jelenik meg, a jegyeket nem \u00e1ll m\u00f3dunkban visszav\u00e1ltani.<\/p>\n<p>Amennyiben az el\u0151ad\u00e1s technikai okokb\u00f3l megszakad, akkor a megv\u00e1ltott jegyeket visszav\u00e1ltjuk.<br \/>\nAz el\u0151ad\u00e1s megtartottnak tekintend\u0151, amennyiben a teljes id\u0151tartam\u00e1nak a fele lezajlott.<br \/>\nEbben az esetben a jegy \u00e1r\u00e1t nem t\u00e9r\u00edtj\u00fck vissza.<br \/>\nAmennyiben m\u00e9g nem kezd\u0151d\u00f6tt el az el\u0151ad\u00e1s, de technikai okok nem teszik lehet\u0151v\u00e9 annak megtart\u00e1s\u00e1t, a jegyek \u00e1r\u00e1t visszat\u00e9r\u00edtj\u00fck. K\u00e9rj\u00fck, a jegy\u00e9t mindenk\u00e9ppen \u0151rizze meg az el\u0151ad\u00e1s v\u00e9g\u00e9ig, mivel ez alapj\u00e1n tudjuk az esetlegesen f\u00e9lbemaradt el\u0151ad\u00e1s d\u00edj\u00e1t visszafizetni. Nem \u00e1ll m\u00f3dunkban felel\u0151ss\u00e9get v\u00e1llalni arra az esetre, ha a program k\u00e9s\u00e9ssel kezd\u0151dik, \u00e9s<br \/>\nez\u00e1ltal a n\u00e9z\u0151nek t\u00f6bblet k\u00f6lts\u00e9ge keletkezik (pl. parkol\u00e1si d\u00edj vagy utaz\u00e1s).<br \/>\nAz \u00fczemeltet\u0151 fenntartja a jogot a helysz\u00edn-, id\u0151pont- \u00e9s m\u0171sorv\u00e1ltoztat\u00e1sra. A v\u00e1ltoz\u00e1sokr\u00f3l legk\u00e9s\u0151bb az \u00e9rintett el\u0151ad\u00e1s kezdet\u00e9ig adunk ki t\u00e1j\u00e9koztat\u00e1st a helysz\u00ednen \u00e9s online fel\u00fcleteinken: www.fehervariprogram.hu, www.facebook.com\/fehervariprogram. Id\u0151pont- \u00e9s\/vagy m\u0171sorv\u00e1ltoz\u00e1s eset\u00e9n az eredeti el\u0151ad\u00e1sra megv\u00e1ltott jegyek \u00e9rv\u00e9nyesek, vagy az el\u0151ad\u00e1s kezdet\u00e9ig visszav\u00e1lthat\u00f3k.<\/p>\n<p><strong>P\u00e9nzvisszafizet\u00e9s menete<\/strong><br \/>\nAmennyiben az el\u0151ad\u00e1st lemondjuk, \u00fagy a visszav\u00e1lt\u00e1sra az el\u0151ad\u00e1s meghirdetett id\u0151pontj\u00e1t\u00f3l sz\u00e1m\u00edtott 2 h\u00e9ten bel\u00fcl van lehet\u0151s\u00e9ge.<br \/>\nId\u0151pont- \u00e9s\/vagy m\u0171sorv\u00e1ltoz\u00e1s eset\u00e9n a visszat\u00e9r\u00edt\u00e9sre az el\u0151ad\u00e1s kezdet\u00e9ig van lehet\u0151s\u00e9ge. A szem\u00e9lyesen v\u00e1s\u00e1rolt jegyek visszat\u00e9r\u00edt\u00e9s\u00e9hez k\u00e9rj\u00fck, hozza mag\u00e1val a megv\u00e1s\u00e1rolt jegye(ke)t. A visszafizet\u00e9s k\u00e9szp\u00e9nzben t\u00f6rt\u00e9nik az al\u00e1bbi helysz\u00ednen:<\/p>\n<p>Sz\u00e9kesfeh\u00e9rv\u00e1ri K\u00f6z\u00f6ss\u00e9gi \u00e9s Kultur\u00e1lis K\u00f6zpont (F\u00fcrd\u0151 sor 3.)<br \/>\nH\u00e9tf\u0151t\u0151l p\u00e9ntekig 9.00\u201315.00 k\u00f6z\u00f6tt<\/p>\n<p>Az online v\u00e1s\u00e1rolt jegyek eset\u00e9ben az emailben kapott visszaigazol\u00e1st nev\u00e9vel \u00e9s banksz\u00e1mla sz\u00e1m\u00e1val egy\u00fctt k\u00fcldje meg a jegy@fehervariprogram.hu c\u00edmre \u00e9s visszautaljuk az \u00f6sszeget.<\/p>\n","protected":false},"excerpt":{"rendered":"<p>A jegyek nem helyre sz\u00f3lnak, a n\u00e9z\u0151k \u00e9rkez\u00e9si sorrendben tudj\u00e1k elfoglalni a hely\u00fcket. A jegy\u00e1rak 21,26%-os \u00e1f\u00e1t tartalmaznak. Jegyv\u00e1s\u00e1rl\u00e1sra mind az online fel\u00fcleten, mind pedig jegy\u00e9rt\u00e9kes\u00edt\u0151 helysz\u00edneinken addig van lehet\u0151s\u00e9g, am\u00edg a jegyek el nem fogynak. Abban az esetben, ha valamennyi bel\u00e9p\u0151 elkelt, az el\u0151ad\u00e1s helysz\u00edn\u00e9n sincs m\u00e1r lehet\u0151s\u00e9g jegy\u00e9rt\u00e9kes\u00edt\u00e9sre. Online fel\u00fcleteinken azonnal t\u00e1j\u00e9koztatjuk n\u00e9z\u0151inket &hellip; <a href=\"https:\/\/fehervariprogram.hu\/jegy\/tajekoztato\/\" class=\"more-link\"><span class=\"screen-reader-text\">Jegyv\u00e1s\u00e1rl\u00e1si t\u00e1j\u00e9koztat\u00f3<\/span> r\u00e9szletei&#8230;<\/a><\/p>\n","protected":false},"author":1,"featured_media":0,"parent":0,"menu_order":0,"comment_status":"closed","ping_status":"closed","template":"","meta":{"footnotes":""},"class_list":["post-1164","page","type-page","status-publish","hentry"],"_links":{"self":[{"href":"https:\/\/fehervariprogram.hu\/jegy\/wp-json\/wp\/v2\/pages\/1164","targetHints":{"allow":["GET"]}}],"collection":[{"href":"https:\/\/fehervariprogram.hu\/jegy\/wp-json\/wp\/v2\/pages"}],"about":[{"href":"https:\/\/fehervariprogram.hu\/jegy\/wp-json\/wp\/v2\/types\/page"}],"author":[{"embeddable":true,"href":"https:\/\/fehervariprogram.hu\/jegy\/wp-json\/wp\/v2\/users\/1"}],"replies":[{"embeddable":true,"href":"https:\/\/fehervariprogram.hu\/jegy\/wp-json\/wp\/v2\/comments?post=1164"}],"version-history":[{"count":4,"href":"https:\/\/fehervariprogram.hu\/jegy\/wp-json\/wp\/v2\/pages\/1164\/revisions"}],"predecessor-version":[{"id":2046,"href":"https:\/\/fehervariprogram.hu\/jegy\/wp-json\/wp\/v2\/pages\/1164\/revisions\/2046"}],"wp:attachment":[{"href":"https:\/\/fehervariprogram.hu\/jegy\/wp-json\/wp\/v2\/media?parent=1164"}],"curies":[{"name":"wp","href":"https:\/\/api.w.org\/{rel}","templated":true}]}}