{"id":3,"date":"2021-07-01T17:03:24","date_gmt":"2021-07-01T15:03:24","guid":{"rendered":"https:\/\/fehervariprogram.hu\/jegy\/?page_id=3"},"modified":"2022-02-27T21:14:09","modified_gmt":"2022-02-27T19:14:09","slug":"adatkezelesi-tajekoztato","status":"publish","type":"page","link":"https:\/\/fehervariprogram.hu\/jegy\/adatkezelesi-tajekoztato\/","title":{"rendered":"Adatkezel\u00e9si t\u00e1j\u00e9koztat\u00f3"},"content":{"rendered":"<div class=\"sing-tit-cont\">\n<h2 class=\"sing-tit\">Adatkezel\u00e9si t\u00e1j\u00e9koztat\u00f3k<\/h2>\n<\/div>\n<div class=\"sing-cont\">\n<div class=\"sing-spacer\">\n<div class=\"pf-content\">\n<h3><a href=\"https:\/\/fehervariprogram.hu\/altalanos-adatkezelesi-tajekoztato\/\">\u00c1ltal\u00e1nos adatkezel\u00e9si t\u00e1j\u00e9koztat\u00f3\u00a0\u00bb<\/a><\/h3>\n<h3><a href=\"https:\/\/fehervariprogram.hu\/allaspalyazatok-adatkezelesi-tajekoztatoja\/\">Adatkezel\u00e9si t\u00e1j\u00e9koztat\u00f3 \u00e1ll\u00e1sp\u00e1ly\u00e1zatokhoz\u00a0\u00bb<\/a><\/h3>\n<p>&nbsp;<\/p>\n<h3>Az adatkezel\u0151 adatai<\/h3>\n<div class=\"table\">\n<table class=\"table\">\n<tbody>\n<tr>\n<td>Adatkezel\u0151 megnevez\u00e9se:<\/td>\n<td>Sz\u00e9kesfeh\u00e9rv\u00e1ri K\u00f6z\u00f6ss\u00e9gi \u00e9s Kultur\u00e1lis K\u00f6zpont<\/td>\n<\/tr>\n<tr>\n<td>Sz\u00e9khelye:<\/td>\n<td>8000 Sz\u00e9kesfeh\u00e9rv\u00e1r, F\u00fcrd\u0151 sor 3.<\/td>\n<\/tr>\n<tr>\n<td>Ad\u00f3sz\u00e1ma:<\/td>\n<td>15361095-2-07<\/td>\n<\/tr>\n<tr>\n<td>K\u00e9pviseli:<\/td>\n<td>Juh\u00e1sz Zs\u00f3fia igazgat\u00f3<\/td>\n<\/tr>\n<tr>\n<td>Telefonsz\u00e1ma:<\/td>\n<td>06-22-202-340<\/td>\n<\/tr>\n<tr>\n<td>E-mail c\u00edme:<\/td>\n<td><a href=\"mailto:titkarsag@fehervariprogram.hu\">titkarsag@fehervariprogram.hu<\/a><\/td>\n<\/tr>\n<tr>\n<td>Honlap:<\/td>\n<td><a href=\"https:\/\/www.fehervariprogram.hu\">www.fehervariprogram.hu<\/a><\/td>\n<\/tr>\n<tr>\n<td>Adatv\u00e9delmi tisztvisel\u0151 neve:<\/td>\n<td>\u2026<\/td>\n<\/tr>\n<tr>\n<td>Adatv\u00e9delmi tisztvisel\u0151 el\u00e9rhet\u0151s\u00e9ge:<\/td>\n<td>\u2026<\/td>\n<\/tr>\n<\/tbody>\n<\/table>\n<\/div>\n<\/div>\n<\/div>\n<\/div>\n","protected":false},"excerpt":{"rendered":"<p>Adatkezel\u00e9si t\u00e1j\u00e9koztat\u00f3k \u00c1ltal\u00e1nos adatkezel\u00e9si t\u00e1j\u00e9koztat\u00f3\u00a0\u00bb Adatkezel\u00e9si t\u00e1j\u00e9koztat\u00f3 \u00e1ll\u00e1sp\u00e1ly\u00e1zatokhoz\u00a0\u00bb &nbsp; Az adatkezel\u0151 adatai Adatkezel\u0151 megnevez\u00e9se: Sz\u00e9kesfeh\u00e9rv\u00e1ri K\u00f6z\u00f6ss\u00e9gi \u00e9s Kultur\u00e1lis K\u00f6zpont Sz\u00e9khelye: 8000 Sz\u00e9kesfeh\u00e9rv\u00e1r, F\u00fcrd\u0151 sor 3. Ad\u00f3sz\u00e1ma: 15361095-2-07 K\u00e9pviseli: Juh\u00e1sz Zs\u00f3fia igazgat\u00f3 Telefonsz\u00e1ma: 06-22-202-340 E-mail c\u00edme: titkarsag@fehervariprogram.hu Honlap: www.fehervariprogram.hu Adatv\u00e9delmi tisztvisel\u0151 neve: \u2026 Adatv\u00e9delmi tisztvisel\u0151 el\u00e9rhet\u0151s\u00e9ge: \u2026<\/p>\n","protected":false},"author":1,"featured_media":0,"parent":0,"menu_order":0,"comment_status":"closed","ping_status":"closed","template":"","meta":{"footnotes":""},"class_list":["post-3","page","type-page","status-publish","hentry"],"_links":{"self":[{"href":"https:\/\/fehervariprogram.hu\/jegy\/wp-json\/wp\/v2\/pages\/3","targetHints":{"allow":["GET"]}}],"collection":[{"href":"https:\/\/fehervariprogram.hu\/jegy\/wp-json\/wp\/v2\/pages"}],"about":[{"href":"https:\/\/fehervariprogram.hu\/jegy\/wp-json\/wp\/v2\/types\/page"}],"author":[{"embeddable":true,"href":"https:\/\/fehervariprogram.hu\/jegy\/wp-json\/wp\/v2\/users\/1"}],"replies":[{"embeddable":true,"href":"https:\/\/fehervariprogram.hu\/jegy\/wp-json\/wp\/v2\/comments?post=3"}],"version-history":[{"count":5,"href":"https:\/\/fehervariprogram.hu\/jegy\/wp-json\/wp\/v2\/pages\/3\/revisions"}],"predecessor-version":[{"id":313,"href":"https:\/\/fehervariprogram.hu\/jegy\/wp-json\/wp\/v2\/pages\/3\/revisions\/313"}],"wp:attachment":[{"href":"https:\/\/fehervariprogram.hu\/jegy\/wp-json\/wp\/v2\/media?parent=3"}],"curies":[{"name":"wp","href":"https:\/\/api.w.org\/{rel}","templated":true}]}}