{"id":2156,"date":"2024-01-23T09:01:16","date_gmt":"2024-01-23T08:01:16","guid":{"rendered":"https:\/\/fehervariprogram.hu\/jegy\/?post_type=product&#038;p=2156"},"modified":"2024-02-10T20:58:25","modified_gmt":"2024-02-10T19:58:25","slug":"farsang-2024","status":"publish","type":"product","link":"https:\/\/fehervariprogram.hu\/jegy\/rendeles\/farsang-2024\/","title":{"rendered":"Farsangi \u00e1larcos mulats\u00e1g \u00d6reghegyen (2024. febru\u00e1r 10., szombat 16.00)"},"content":{"rendered":"<p>R\u00e9szletes program:<br \/>\n16.15 Andi boh\u00f3c interakt\u00edv m\u0171sora<br \/>\n17.00 Jelmezes felvonul\u00e1s a sz\u00ednpadon<br \/>\n18.00 A furfangos sz\u00e9kely mese \u2013 a Batyu Sz\u00ednh\u00e1z el\u0151ad\u00e1sa<br \/>\n16.00\u201319.00 Csill\u00e1mtetov\u00e1l\u00e1s, arcfest\u00e9s, farsangi \u00e1larc k\u00e9sz\u00edt\u00e9se<\/p>\n<p>Jelmezes farsangi mulats\u00e1gba v\u00e1rja a csal\u00e1dokat a Sz\u00e9kesfeh\u00e9rv\u00e1ri K\u00f6z\u00f6ss\u00e9gi \u00e9s Kultur\u00e1lis K\u00f6zpont febru\u00e1r 10-\u00e9n, szombaton az \u00d6reghegyi K\u00f6z\u00f6ss\u00e9gi H\u00e1zba. A 16 \u00f3rakor kezd\u0151d\u0151 esem\u00e9nyen farsangi \u00e1larcot k\u00e9sz\u00edthetnek a r\u00e9sztvev\u0151k, akiket csill\u00e1mtetov\u00e1l\u00e1s \u00e9s arcfest\u00e9s is v\u00e1r, emellett Andi boh\u00f3c interakt\u00edv m\u0171sora \u00e9s a Batyu Sz\u00ednh\u00e1z mesej\u00e1t\u00e9ka is sz\u00f3rakoztatja a k\u00f6z\u00f6ns\u00e9get. A mulats\u00e1gra m\u00e1r v\u00e1lthat\u00f3 bel\u00e9p\u0151 a www.fehervariprogram.hu\/jegy oldalon \u2013 feln\u0151ttek sz\u00e1m\u00e1ra a rendezv\u00e9ny ingyenes. Bel\u00e9p\u00e9s csak jelmezben vagy maszkban.<br \/>\nA farsang, a j\u00f3kedv\u0171 mulats\u00e1gok ideje hagyom\u00e1nyosan v\u00edzkereszt ut\u00e1n kezd\u0151dik \u00e9s hamvaz\u00f3szerd\u00e1ig, id\u00e9n febru\u00e1r 14-ig tart. Az \u00f3vod\u00e1s, kisiskol\u00e1s gyerekek k\u00f6r\u00e9ben ilyent\u00e1jt m\u00e1r nagy az izgalom: ki milyen jelmezben jelenik majd meg, hogy leny\u0171g\u00f6zze a t\u00f6bbieket. A k\u00e9szen kaphat\u00f3, divatos jelmezek mellett sokan maguk k\u00e9sz\u00edtenek kreat\u00edv \u00f6lt\u00f6z\u00e9ket.<\/p>\n<p>Az \u00f6tletek, a jelmezek \u00e9s maszkok bemutat\u00e1s\u00e1ra az \u00d6reghegyi K\u00f6z\u00f6ss\u00e9gi H\u00e1z is lehet\u0151s\u00e9get teremt febru\u00e1r 10-\u00e9n, szombaton: jelmezes farsangi mulats\u00e1gba v\u00e1rj\u00e1k a kicsiket \u00e9s nagyokat. A d\u00e9lut\u00e1n n\u00e9gykor kezd\u0151d\u0151, este h\u00e9tig tart\u00f3 program k\u00e9zm\u0171ves foglalkoz\u00e1s\u00e1n farsangi \u00e1larcot k\u00e9sz\u00edthetnek a r\u00e9sztvev\u0151k. A jelmezeket \u00e9s maszkokat csill\u00e1mtetov\u00e1l\u00e1ssal \u00e9s arcfest\u00e9ssel is ki lehet eg\u00e9sz\u00edteni, \u00e9s a teljes \u201eviseletet\u201d 17 \u00f3r\u00e1t\u00f3l a sz\u00ednpadon is bemutathatj\u00e1k a r\u00e9sztvev\u0151 gyerekek. <\/p>\n<p>Andi boh\u00f3c interakt\u00edv m\u0171sora negyed \u00f6tkor kezd\u0151dik. A jelenl\u00e9v\u0151k aj\u00e1nd\u00e9k lufit is kapnak, amit Andi boh\u00f3c k\u00edv\u00e1ns\u00e1g szerint hajtogat meg sz\u00e1mukra: pillanatok alatt sz\u00fcletnek a mese- \u00e9s \u00e1llatfigur\u00e1k, sz\u00edvecsk\u00e9k, vir\u00e1gok \u2013 b\u00e1rmi, amit a k\u00f6z\u00f6ns\u00e9g szeretne \u00e9s sz\u00edvesen visz haza.<br \/>\nA farsangi rendezv\u00e9nyt a Batyu Sz\u00ednh\u00e1z 18 \u00f3rakor kezd\u0151d\u0151 Furfangos sz\u00e9kely mese c\u00edm\u0171 el\u0151ad\u00e1sa z\u00e1rja, amely A sz\u00e9kely menyecske meg az \u00f6rd\u00f6g c\u00edm\u0171 bukovinai mese alapj\u00e1n sz\u00fcletett. A t\u00f6rt\u00e9net f\u0151h\u0151se, a sz\u00e9kely menyecske nyelve igen p\u00f6rg\u0151s volt, sose azt csin\u00e1lta, amit kellett volna, ez\u00e9rt p\u00e1rj\u00e1nak, a f\u00f6ldj\u00fck\u00f6n szorgalmasan dolgoz\u00f3 sz\u00e9kely parasztembernek gyakran meggy\u0171lt vele a baja. S\u0151t, nemcsak neki, de m\u00e9g az \u00f6rd\u00f6gnek is&#8230;<\/p>\n<p><strong>A mulats\u00e1gra 1000 forintos \u00e1rban v\u00e1lthat\u00f3 bel\u00e9p\u0151 a www.fehervariprogram.hu\/jegy oldalon \u2013 feln\u0151ttek sz\u00e1m\u00e1ra a rendezv\u00e9ny ingyenes. Bel\u00e9p\u00e9s csak jelmezben vagy maszkban.<\/strong><\/p>\n","protected":false},"excerpt":{"rendered":"<p><strong>Az online jegy\u00e9rt\u00e9kes\u00edt\u00e9st lez\u00e1rtuk. Tov\u00e1bbi jegyek a program kezdete el\u0151tt a helysz\u00ednen v\u00e1lthat\u00f3k.<\/strong><\/p>\n<p>Helysz\u00edn: \u00d6reghegyi K\u00f6z\u00f6ss\u00e9gi H\u00e1z (8000 Sz\u00e9kesfeh\u00e9rv\u00e1r, Fisk\u00e1lis \u00fat 93.) <a href=\"https:\/\/goo.gl\/maps\/ws3ut5HrW5AEAg8o7\">T\u00e9rk\u00e9p>><\/a><br \/>\n<a href=\"https:\/\/fehervariprogram.hu\/jegy\/wp-content\/uploads\/2024\/01\/Farsang_2024_jegyvasarlasi-1.pdf\">Jegyv\u00e1s\u00e1rl\u00e1si t\u00e1j\u00e9koztat\u00f3<\/a><\/p>\n<p>Jegyet v\u00e1ltani a 3-14 \u00e9ves kor k\u00f6z\u00f6tti gyermekek r\u00e9sz\u00e9re kell. A sz\u00fcl\u0151k sz\u00e1m\u00e1ra a program ingyenes. <\/p>\n","protected":false},"featured_media":2157,"template":"","meta":[],"product_brand":[],"product_cat":[16],"product_tag":[],"class_list":{"0":"post-2156","1":"product","2":"type-product","3":"status-publish","4":"has-post-thumbnail","6":"product_cat-belepojegy","8":"first","9":"outofstock","10":"shipping-taxable","11":"purchasable","12":"product-type-variable"},"_links":{"self":[{"href":"https:\/\/fehervariprogram.hu\/jegy\/wp-json\/wp\/v2\/product\/2156","targetHints":{"allow":["GET"]}}],"collection":[{"href":"https:\/\/fehervariprogram.hu\/jegy\/wp-json\/wp\/v2\/product"}],"about":[{"href":"https:\/\/fehervariprogram.hu\/jegy\/wp-json\/wp\/v2\/types\/product"}],"wp:featuredmedia":[{"embeddable":true,"href":"https:\/\/fehervariprogram.hu\/jegy\/wp-json\/wp\/v2\/media\/2157"}],"wp:attachment":[{"href":"https:\/\/fehervariprogram.hu\/jegy\/wp-json\/wp\/v2\/media?parent=2156"}],"wp:term":[{"taxonomy":"product_brand","embeddable":true,"href":"https:\/\/fehervariprogram.hu\/jegy\/wp-json\/wp\/v2\/product_brand?post=2156"},{"taxonomy":"product_cat","embeddable":true,"href":"https:\/\/fehervariprogram.hu\/jegy\/wp-json\/wp\/v2\/product_cat?post=2156"},{"taxonomy":"product_tag","embeddable":true,"href":"https:\/\/fehervariprogram.hu\/jegy\/wp-json\/wp\/v2\/product_tag?post=2156"}],"curies":[{"name":"wp","href":"https:\/\/api.w.org\/{rel}","templated":true}]}}