{"id":2585,"date":"2024-06-07T08:51:40","date_gmt":"2024-06-07T06:51:40","guid":{"rendered":"https:\/\/fehervariprogram.hu\/jegy\/?post_type=product&#038;p=2585"},"modified":"2024-07-11T13:25:41","modified_gmt":"2024-07-11T11:25:41","slug":"nyaresti-vigadalom","status":"publish","type":"product","link":"https:\/\/fehervariprogram.hu\/jegy\/rendeles\/nyaresti-vigadalom\/","title":{"rendered":"Ny\u00e1resti vigadalom (2024. j\u00falius 7., vas\u00e1rnap 19.00)"},"content":{"rendered":"\t\t<meta http-equiv=\"refresh\" content=\"0; url=https:\/\/musor.baratsagmozi.hu\/film\/nyaresti-vigadalom-940\">\r\n\t\tPlease wait while you are redirected...or <a href=\"https:\/\/musor.baratsagmozi.hu\/film\/nyaresti-vigadalom-940\">Click Here<\/a> if you do not want to wait.\r\n\n","protected":false},"excerpt":{"rendered":"<p>\u00c1tir\u00e1ny\u00edtjuk&#8230;<br \/>\n<a href=\"https:\/\/musor.baratsagmozi.hu\/film\/nyaresti-vigadalom-940\">https:\/\/musor.baratsagmozi.hu\/film\/nyaresti-vigadalom-940<\/a><\/p>\n","protected":false},"featured_media":2586,"template":"","meta":[],"product_brand":[],"product_cat":[16],"product_tag":[],"class_list":{"0":"post-2585","1":"product","2":"type-product","3":"status-publish","4":"has-post-thumbnail","6":"product_cat-belepojegy","8":"first","9":"outofstock","10":"virtual","11":"purchasable","12":"product-type-simple"},"_links":{"self":[{"href":"https:\/\/fehervariprogram.hu\/jegy\/wp-json\/wp\/v2\/product\/2585","targetHints":{"allow":["GET"]}}],"collection":[{"href":"https:\/\/fehervariprogram.hu\/jegy\/wp-json\/wp\/v2\/product"}],"about":[{"href":"https:\/\/fehervariprogram.hu\/jegy\/wp-json\/wp\/v2\/types\/product"}],"wp:featuredmedia":[{"embeddable":true,"href":"https:\/\/fehervariprogram.hu\/jegy\/wp-json\/wp\/v2\/media\/2586"}],"wp:attachment":[{"href":"https:\/\/fehervariprogram.hu\/jegy\/wp-json\/wp\/v2\/media?parent=2585"}],"wp:term":[{"taxonomy":"product_brand","embeddable":true,"href":"https:\/\/fehervariprogram.hu\/jegy\/wp-json\/wp\/v2\/product_brand?post=2585"},{"taxonomy":"product_cat","embeddable":true,"href":"https:\/\/fehervariprogram.hu\/jegy\/wp-json\/wp\/v2\/product_cat?post=2585"},{"taxonomy":"product_tag","embeddable":true,"href":"https:\/\/fehervariprogram.hu\/jegy\/wp-json\/wp\/v2\/product_tag?post=2585"}],"curies":[{"name":"wp","href":"https:\/\/api.w.org\/{rel}","templated":true}]}}