{"id":4503,"date":"2025-11-30T00:43:07","date_gmt":"2025-11-29T23:43:07","guid":{"rendered":"https:\/\/fehervariprogram.hu\/jegy\/?post_type=product&#038;p=4503"},"modified":"2025-12-09T11:22:34","modified_gmt":"2025-12-09T10:22:34","slug":"eheto-kozmetikumok","status":"publish","type":"product","link":"https:\/\/fehervariprogram.hu\/jegy\/rendeles\/eheto-kozmetikumok\/","title":{"rendered":"Boldog Gy\u00f6rgy el\u0151ad\u00e1sa ehet\u0151 min\u0151s\u00e9g\u0171 kozmetikumokr\u00f3l (2025. december 11., cs\u00fct\u00f6rt\u00f6k 18.00)"},"content":{"rendered":"<h2><strong>Kir\u00e1lyk\u00fati T\u00e1rsalg\u00f3 \u2013 Boldog Gy\u00f6rgy el\u0151ad\u00e1sa<\/strong><\/h2>\n<p><strong>Ehet\u0151 min\u0151s\u00e9g\u0171 kozmetikumok \u00e9s a fenntarthat\u00f3 sz\u00e9ps\u00e9g j\u00f6v\u0151je<\/strong><\/p>\n<p><strong>\u201eCsak azt kend a b\u0151r\u00f6dre, amit meg is enn\u00e9l!\u201d<\/strong><br \/>\nIsmerd meg az ehet\u0151 min\u0151s\u00e9g\u0171, organikus, v\u00edzmentes kozmetikumok vil\u00e1g\u00e1t Boldog Gy\u00f6rgy lebilincsel\u0151 el\u0151ad\u00e1s\u00e1ban!<\/p>\n<p><strong>Tudd meg:<\/strong><br \/>\n\u2022 hogyan jut be a b\u0151rre kent anyag a szervezetbe<br \/>\n\u2022 milyen alternat\u00edv\u00e1t ny\u00fajtanak a 100% bio, ehet\u0151 min\u0151s\u00e9g\u0171 kozmetikumok<br \/>\n\u2022 hogyan kapcsol\u00f3dik \u00f6ssze a tudatos b\u0151r\u00e1pol\u00e1s \u00e9s a fenntarthat\u00f3s\u00e1g<\/p>\n<p>A sz\u00e9ps\u00e9g t\u00f6bb mint eszt\u00e9tika \u2013 felel\u0151ss\u00e9g \u00f6nmagunk\u00e9rt \u00e9s a bolyg\u00f3nk\u00e9rt.<\/p>\n<p><strong>Az el\u0151ad\u00e1s v\u00e9g\u00e9n meglepet\u00e9s aj\u00e1nd\u00e9k v\u00e1r minden r\u00e9sztvev\u0151t!<\/strong><\/p>\n<p>Gyere, \u00e9s fedezd fel a term\u00e9szetes, tiszta, fenntarthat\u00f3 sz\u00e9ps\u00e9g\u00e1pol\u00e1s j\u00f6v\u0151j\u00e9t!<\/p>\n<p>El\u0151v\u00e9telben a\u00a0<a href=\"https:\/\/www.fehervariprogram.hu\/jegy\" rel=\"noopener\">www.fehervariprogram.hu\/jegy<\/a>\u00a0oldalon, szem\u00e9lyesen pedig az el\u0151ad\u00e1s el\u0151tt, a helysz\u00ednen lehet bel\u00e9p\u0151t v\u00e1ltani (amennyiben el\u0151v\u00e9telben nem kel el minden jegy): a teljes \u00e1r\u00fa 1 100 Ft, a di\u00e1k- \u00e9s nyugd\u00edjasjegy pedig 900 Ft. A kedvezm\u00e9nyek ig\u00e9nybev\u00e9tel\u00e9hez nyugd\u00edjas-, illetve di\u00e1kigazolv\u00e1ny felmutat\u00e1sa sz\u00fcks\u00e9ges.<\/p>\n<p>A rendezv\u00e9ny sajt\u00f3nyilv\u00e1nos.<\/p>\n","protected":false},"excerpt":{"rendered":"<p>Helysz\u00edn: Kir\u00e1lyk\u00fat Eml\u00e9kh\u00e1z (Sz\u00e9kesfeh\u00e9rv\u00e1r, Miksz\u00e1th K\u00e1lm\u00e1n utca 25.)<\/p>\n<p><a href=\"https:\/\/maps.app.goo.gl\/Wpht412RVR48t5VJ6\">T\u00e9rk\u00e9p &gt;&gt;<\/a><br \/>\n<a href=\"https:\/\/fehervariprogram.hu\/jegy\/wp-content\/uploads\/2025\/11\/jegyvasarlasi_tajekoztato_varro_daniel.pdf\">Jegyv\u00e1s\u00e1rl\u00e1si t\u00e1j\u00e9koztat\u00f3<\/a><\/p>\n","protected":false},"featured_media":4506,"template":"","meta":[],"product_brand":[],"product_cat":[16],"product_tag":[],"class_list":{"0":"post-4503","1":"product","2":"type-product","3":"status-publish","4":"has-post-thumbnail","6":"product_cat-belepojegy","8":"first","9":"outofstock","10":"shipping-taxable","11":"purchasable","12":"product-type-variable","13":"has-default-attributes"},"_links":{"self":[{"href":"https:\/\/fehervariprogram.hu\/jegy\/wp-json\/wp\/v2\/product\/4503","targetHints":{"allow":["GET"]}}],"collection":[{"href":"https:\/\/fehervariprogram.hu\/jegy\/wp-json\/wp\/v2\/product"}],"about":[{"href":"https:\/\/fehervariprogram.hu\/jegy\/wp-json\/wp\/v2\/types\/product"}],"wp:featuredmedia":[{"embeddable":true,"href":"https:\/\/fehervariprogram.hu\/jegy\/wp-json\/wp\/v2\/media\/4506"}],"wp:attachment":[{"href":"https:\/\/fehervariprogram.hu\/jegy\/wp-json\/wp\/v2\/media?parent=4503"}],"wp:term":[{"taxonomy":"product_brand","embeddable":true,"href":"https:\/\/fehervariprogram.hu\/jegy\/wp-json\/wp\/v2\/product_brand?post=4503"},{"taxonomy":"product_cat","embeddable":true,"href":"https:\/\/fehervariprogram.hu\/jegy\/wp-json\/wp\/v2\/product_cat?post=4503"},{"taxonomy":"product_tag","embeddable":true,"href":"https:\/\/fehervariprogram.hu\/jegy\/wp-json\/wp\/v2\/product_tag?post=4503"}],"curies":[{"name":"wp","href":"https:\/\/api.w.org\/{rel}","templated":true}]}}

Boldog György előadása ehető minőségű kozmetikumokról (2025. december 11., csütörtök 18.00)

<h2><strong>Királykúti Társalgó – Boldog György előadása</strong></h2>
<p><strong>Ehető minőségű kozmetikumok és a fenntartható szépség jövője</strong></p>
<p><strong>„Csak azt kend a bőrödre, amit meg is ennél!”</strong><br />
Ismerd meg az ehető minőségű, organikus, vízmentes kozmetikumok világát Boldog György lebilincselő előadásában!</p>
<p><strong>Tudd meg:</strong><br />
• hogyan jut be a bőrre kent anyag a szervezetbe<br />
• milyen alternatívát nyújtanak a 100% bio, ehető minőségű kozmetikumok<br />
• hogyan kapcsolódik össze a tudatos bőrápolás és a fenntarthatóság</p>
<p>A szépség több mint esztétika – felelősség önmagunkért és a bolygónkért.</p>
<p><strong>Az előadás végén meglepetés ajándék vár minden résztvevőt!</strong></p>
<p>Gyere, és fedezd fel a természetes, tiszta, fenntartható szépségápolás jövőjét!</p>
<p>Elővételben a <a href="https://www.fehervariprogram.hu/jegy" rel="noopener">www.fehervariprogram.hu/jegy</a> oldalon, személyesen pedig az előadás előtt, a helyszínen lehet belépőt váltani (amennyiben elővételben nem kel el minden jegy): a teljes árú 1 100 Ft, a diák- és nyugdíjasjegy pedig 900 Ft. A kedvezmények igénybevételéhez nyugdíjas-, illetve diákigazolvány felmutatása szükséges.</p>
<p>A rendezvény sajtónyilvános.</p>

<p>Helyszín: Királykút Emlékház (Székesfehérvár, Mikszáth Kálmán utca 25.)</p>
<p><a href="https://maps.app.goo.gl/Wpht412RVR48t5VJ6">Térkép &gt;&gt;</a><br />
<a href="https://fehervariprogram.hu/jegy/wp-content/uploads/2025/11/jegyvasarlasi_tajekoztato_varro_daniel.pdf">Jegyvásárlási tájékoztató</a></p>
