{"id":5078,"date":"2026-04-30T14:19:30","date_gmt":"2026-04-30T12:19:30","guid":{"rendered":"https:\/\/fehervariprogram.hu\/jegy\/?post_type=product&#038;p=5078"},"modified":"2026-04-30T14:44:03","modified_gmt":"2026-04-30T12:44:03","slug":"ot-karinthy-es-en","status":"publish","type":"product","link":"https:\/\/fehervariprogram.hu\/jegy\/rendeles\/ot-karinthy-es-en\/","title":{"rendered":"\u00d6t Karinthy \u00e9s \u00e9n (2026. m\u00e1jus 29., p\u00e9ntek 18.00)"},"content":{"rendered":"\t\t<meta http-equiv=\"refresh\" content=\"0; url=https:\/\/musor.baratsagmozi.hu\/film\/ot-karinthy-es-en-1279\">\r\n\t\tPlease wait while you are redirected...or <a href=\"https:\/\/musor.baratsagmozi.hu\/film\/ot-karinthy-es-en-1279\">Click Here<\/a> if you do not want to wait.\r\n\n<h2><strong>\u00d6t Karinthy \u00e9s \u00e9n<br \/>\nZene \u00e9s irodalom Karinthy Ver\u00e1val \u00e9s Bornai Tiborral<\/strong><\/h2>\n<p>M\u00e1sf\u00e9l \u00f3r\u00e1s zen\u00e9s irodalmi est a Karinthyak szellem\u00e9ben. Frigyes, G\u00e1bor, Ferenc, M\u00e1rton \u00edr\u00e1saikkal, Vera \u2013 Frigyes d\u00e9dunok\u00e1ja \u2013 pedig \u00e9nek\u00e9vel \u00e9s csal\u00e1di t\u00f6rt\u00e9netekkel lesz jelen az esten. Els\u0151 k\u00e9zb\u0151l hallhatjuk azokat a szem\u00e9lyes \u00e9lm\u00e9nyeit, amelyeket eddig nem osztott meg a nyilv\u00e1noss\u00e1ggal, Bornai Tibor pedig zen\u00e9szk\u00e9nt \u00e9s Karinthy-im\u00e1d\u00f3k\u00e9nt seg\u00edt neki ebben. Egy vid\u00e1m est, m\u00e1sf\u00e9l \u00f3ra b\u00f3kl\u00e1sz\u00e1s a magyar irodalomnak ebben a csod\u00e1s liget\u00e9ben.<\/p>\n<p><strong>2026. m\u00e1jus 29., p\u00e9ntek 18.00<\/strong><br \/>\n<strong>Sz\u00e9kesfeh\u00e9rv\u00e1ri K\u00f6z\u00f6ss\u00e9gi \u00e9s Kultur\u00e1lis K\u00f6zpont<\/strong><br \/>\nSz\u00e9kesfeh\u00e9rv\u00e1r, F\u00fcrd\u0151 sor 3.<\/p>\n<p>Bel\u00e9p\u0151: 3500 Ft\/f\u0151<\/p>\n<p>A helysz\u00ednen b\u00fcf\u00e9 m\u0171k\u00f6dik, a rendezv\u00e9ny sajt\u00f3nyilv\u00e1nos.<\/p>\n","protected":false},"excerpt":{"rendered":"<p>\u00c1tir\u00e1ny\u00edtjuk&#8230;<\/p>\n<p><a href=\"https:\/\/musor.baratsagmozi.hu\/film\/ot-karinthy-es-en-1279\">https:\/\/musor.baratsagmozi.hu\/film\/ot-karinthy-es-en-1279<\/a><\/p>\n<p>Helysz\u00edn: Sz\u00e9kesfeh\u00e9rv\u00e1ri K\u00f6z\u00f6ss\u00e9gi \u00e9s Kultur\u00e1lis K\u00f6zpont (8000 Sz\u00e9kesfeh\u00e9rv\u00e1r, F\u00fcrd\u0151 sor 3.)<br \/>\n<a href=\"https:\/\/maps.app.goo.gl\/rXqAdbwk5sdQ4VwN6\">T\u00e9rk\u00e9p &gt;&gt;<\/a><br \/>\n<!-- a href=\"https:\/\/fehervariprogram.hu\/jegy\/wp-content\/uploads\/2026\/01\/Jegyvasarlasi-tajekoztato_jazzpentek_2026_02_13.pdf\">Jegyv\u00e1s\u00e1rl\u00e1si t\u00e1j\u00e9koztat\u00f3<\/a --><\/p>\n","protected":false},"featured_media":5079,"template":"","meta":[],"product_brand":[],"product_cat":[16],"product_tag":[],"class_list":{"0":"post-5078","1":"product","2":"type-product","3":"status-publish","4":"has-post-thumbnail","6":"product_cat-belepojegy","8":"first","9":"outofstock","10":"virtual","11":"purchasable","12":"product-type-simple"},"_links":{"self":[{"href":"https:\/\/fehervariprogram.hu\/jegy\/wp-json\/wp\/v2\/product\/5078","targetHints":{"allow":["GET"]}}],"collection":[{"href":"https:\/\/fehervariprogram.hu\/jegy\/wp-json\/wp\/v2\/product"}],"about":[{"href":"https:\/\/fehervariprogram.hu\/jegy\/wp-json\/wp\/v2\/types\/product"}],"wp:featuredmedia":[{"embeddable":true,"href":"https:\/\/fehervariprogram.hu\/jegy\/wp-json\/wp\/v2\/media\/5079"}],"wp:attachment":[{"href":"https:\/\/fehervariprogram.hu\/jegy\/wp-json\/wp\/v2\/media?parent=5078"}],"wp:term":[{"taxonomy":"product_brand","embeddable":true,"href":"https:\/\/fehervariprogram.hu\/jegy\/wp-json\/wp\/v2\/product_brand?post=5078"},{"taxonomy":"product_cat","embeddable":true,"href":"https:\/\/fehervariprogram.hu\/jegy\/wp-json\/wp\/v2\/product_cat?post=5078"},{"taxonomy":"product_tag","embeddable":true,"href":"https:\/\/fehervariprogram.hu\/jegy\/wp-json\/wp\/v2\/product_tag?post=5078"}],"curies":[{"name":"wp","href":"https:\/\/api.w.org\/{rel}","templated":true}]}}

Öt Karinthy és én (2026. május 29., péntek 18.00)

<meta http-equiv="refresh" content="0; url=https://musor.baratsagmozi.hu/film/ot-karinthy-es-en-1279">
		Please wait while you are redirected...or <a href="https://musor.baratsagmozi.hu/film/ot-karinthy-es-en-1279">Click Here</a> if you do not want to wait.

<h2><strong>Öt Karinthy és én<br />
Zene és irodalom Karinthy Verával és Bornai Tiborral</strong></h2>
<p>Másfél órás zenés irodalmi est a Karinthyak szellemében. Frigyes, Gábor, Ferenc, Márton írásaikkal, Vera – Frigyes dédunokája – pedig énekével és családi történetekkel lesz jelen az esten. Első kézből hallhatjuk azokat a személyes élményeit, amelyeket eddig nem osztott meg a nyilvánossággal, Bornai Tibor pedig zenészként és Karinthy-imádóként segít neki ebben. Egy vidám est, másfél óra bóklászás a magyar irodalomnak ebben a csodás ligetében.</p>
<p><strong>2026. május 29., péntek 18.00</strong><br />
<strong>Székesfehérvári Közösségi és Kulturális Központ</strong><br />
Székesfehérvár, Fürdő sor 3.</p>
<p>Belépő: 3500 Ft/fő</p>
<p>A helyszínen büfé működik, a rendezvény sajtónyilvános.</p>

<p>Átirányítjuk&#8230;</p>
<p><a href="https://musor.baratsagmozi.hu/film/ot-karinthy-es-en-1279">https://musor.baratsagmozi.hu/film/ot-karinthy-es-en-1279</a></p>
<p>Helyszín: Székesfehérvári Közösségi és Kulturális Központ (8000 Székesfehérvár, Fürdő sor 3.)<br />
<a href="https://maps.app.goo.gl/rXqAdbwk5sdQ4VwN6">Térkép &gt;&gt;</a><br />
<!-- a href="https://fehervariprogram.hu/jegy/wp-content/uploads/2026/01/Jegyvasarlasi-tajekoztato_jazzpentek_2026_02_13.pdf">Jegyvásárlási tájékoztató</a --></p>
